common divisor of 273915 and 135.
135
What is the highest common factor of 30916 and 37204?
524
Calculate the highest common factor of 7634 and 874478.
22
What is the greatest common factor of 8339 and 3984697?
269
Calculate the greatest common divisor of 100 and 35104700.
100
What is the greatest common divisor of 240390623 and 5006?
2503
Calculate the greatest common factor of 1120 and 9776240.
80
What is the highest common factor of 25756562 and 26?
26
What is the greatest common divisor of 56175 and 9156?
21
What is the greatest common factor of 138086 and 40937?
611
Calculate the highest common divisor of 330507 and 3969.
27
Calculate the greatest common factor of 131006 and 1113892.
62
Calculate the highest common factor of 5140 and 69481492.
1028
Calculate the greatest common divisor of 4267 and 269433.
17
What is the highest common factor of 551540 and 3208040?
5060
Calculate the highest common factor of 197132850 and 9928.
2482
Calculate the highest common factor of 194532322 and 944.
118
What is the highest common factor of 21605 and 2127440?
145
Calculate the highest common divisor of 8440 and 366970.
10
Calculate the highest common divisor of 669255660 and 6120.
3060
What is the highest common divisor of 23882656 and 224?
224
What is the highest common divisor of 2675064 and 672?
168
What is the highest common factor of 56407 and 1027?
13
Calculate the highest common divisor of 837 and 223575069.
93
What is the highest common factor of 1786346128 and 1904?
1904
What is the greatest common divisor of 488283 and 921?
3
What is the highest common factor of 29 and 10755491?
29
Calculate the greatest common divisor of 4752 and 30287169.
297
Calculate the highest common divisor of 2300960277 and 693.
693
What is the greatest common factor of 189 and 1432?
1
What is the highest common divisor of 7056141 and 1353?
123
What is the greatest common factor of 7686 and 59584?
14
What is the greatest common divisor of 462177 and 137772?
801
What is the greatest common divisor of 2329162 and 572?
22
What is the highest common factor of 191990 and 1885955?
365
Calculate the greatest common divisor of 425 and 8564260.
85
Calculate the greatest common factor of 885 and 14673810.
15
What is the greatest common factor of 10934 and 783634313?
5467
Calculate the highest common divisor of 278271 and 1318590.
441
Calculate the highest common divisor of 162415429 and 473.
473
Calculate the greatest common divisor of 12194519 and 237.
79
What is the highest common divisor of 6 and 57258394?
2
Calculate the highest common factor of 23282 and 1348550.
14
Calculate the highest common divisor of 130272 and 153262176.
5664
Calculate the highest common divisor of 2169039 and 6759736.
8711
What is the greatest common factor of 2368492 and 266?
14
Calculate the greatest common factor of 15421225 and 50.
25
What is the highest common factor of 97049 and 38094?
907
Calculate the greatest common divisor of 7820 and 35358912.
1564
What is the highest common factor of 386504656 and 18960?
1264
Calculate the highest common divisor of 3877212 and 12.
12
Calculate the highest common factor of 182 and 239976646.
182
Calculate the greatest common divisor of 4908 and 1619544.
12
Calculate the highest common factor of 24541680 and 1200.
240
What is the highest common factor of 3435026 and 2240?
14
What is the highest common factor of 5856 and 995492184?
1464
Calculate the greatest common divisor of 1616 and 7159688.
808
Calculate the highest common divisor of 239 and 7153031.
239
Calculate the greatest common divisor of 173485719 and 1804.
451
What is the highest common divisor of 57120 and 168742?
238
What is the greatest common divisor of 33558635 and 220?
55
What is the highest common factor of 14460376 and 4?
4
Calculate the greatest common factor of 36448 and 593419.
1139
What is the highest common factor of 31833648 and 1452?
1452
Calculate the greatest common factor of 9942064 and 352.
176
What is the highest common factor of 12036422 and 15613?
1201
What is the greatest common factor of 18 and 558?
18
Calculate the highest common divisor of 14758992 and 4080.
816
What is the highest common divisor of 962039 and 129?
43
Calculate the greatest common divisor of 37237 and 4163.
23
What is the greatest common factor of 25 and 63275?
25
What is the highest common factor of 56893131 and 27?
27
Calculate the greatest common divisor of 31539 and 1224606805.
10513
Calculate the greatest common divisor of 39241460 and 8436.
2812
What is the greatest common divisor of 341815 and 34930?
2495
Calculate the greatest common factor of 8487 and 70975539.
207
Calculate the greatest common divisor of 89 and 186421625.
89
What is the greatest common divisor of 138 and 36712416?
138
Calculate the highest common factor of 198383467 and 86.
43
Calculate the greatest common factor of 3690 and 17340130.
410
Calculate the highest common factor of 924 and 25148.
4
Calculate the greatest common divisor of 750 and 6646950.
150
Calculate the highest common factor of 4413 and 6621.
3
What is the highest common divisor of 2156696 and 8?
8
Calculate the highest common divisor of 9660 and 209718600.
9660
What is the highest common divisor of 744584 and 1713?
571
What is the highest common factor of 851409 and 646887?
1149
What is the highest common divisor of 39116540 and 20?
20
Calculate the greatest common divisor of 428 and 2199108.
4
Calculate the highest common divisor of 36 and 116552352.
12
Calculate the highest common factor of 3126520 and 128.
8
Calculate the greatest common divisor of 23760 and 5151960.
3960
What is the highest common divisor of 96116999 and 197435?
5641
What is the greatest common factor of 172 and 147001262?
86
What is the greatest common factor of 1551897 and 18?
9
Calculate the greatest common factor of 143 and 59241.
13
What is the highest common factor of 374 and 320737164?
374
Calculate the highest common factor of 27345275 and 25.
25
What is the highest common divisor of 32 and 6646696?
8
What is the greatest common divisor of 1807 and 57057832?
1807
What is the greatest common divisor of 14979217 and 209?
11
What is the highest common divisor of 103130964 and 288?
36
What is the greatest common divisor of 2440 and 1005360?
40
Calculate the highest common factor of 45233153 and 99687.
707
Calculate the highest common divisor of 9345 and 28318465.
3115
What is the greatest common factor of 4808223 and 91?
7
Calculate the greatest common factor of 41766 and 6000.
6
Calculate the highest common factor of 1362 and 370239951.
681
What is the greatest common divisor of 41 and 18654344?
41
Calculate the greatest common factor of 321 and 22750019.
107
Calculate the highest common factor of 10926035 and 40365.
115
Calculate the greatest common divisor of 4280 and 10497128.
856
Calculate the greatest common divisor of 116115120 and 69120.
2160
What is the highest common factor of 2617634479 and 1061?
1061
What is the greatest common divisor of 11350 and 758407?
227
What is the highest common divisor of 2700 and 426900?
300
What is the highest common divisor of 72 and 110652?
12
Calculate the greatest common divisor of 40138656 and 198654.
1758
Calculate the greatest common factor of 1087431 and 393.
393
Calculate the greatest common factor of 33446 and 125360386.
4778
Calculate the highest common factor of 27987 and 2157.
3
What is the greatest common divisor of 1830 and 8302100?
610
Calculate the greatest common divisor of 288 and 3849152.
32
Calculate the greatest common divisor of 57950 and 11729650.
950
Calculate the greatest common divisor of 6262256 and 4508.
644
What is the greatest common divisor of 190162776 and 24?
24
What is the highest common factor of 9859800 and 1800?
600
What is the greatest common divisor of 26319834 and 240?
6
What is the highest common divisor of 13365 and 1480545?
1485
Calculate the highest common divisor of 26015780 and 70.
70
What is the greatest common divisor of 154560 and 41538?
966
What is the greatest common factor of 24883 and 501?
167
Calculate the highest common factor of 1537300 and 40.
20
Calculate the greatest common divisor of 1019181 and 39.
3
Calculate the greatest common divisor of 2438 and 5077559.
53
Calculate the high